{"id":4468,"date":"2023-03-23T16:32:45","date_gmt":"2023-03-23T16:32:45","guid":{"rendered":"https:\/\/yacasiestalista.com\/tecnigras\/?page_id=4468"},"modified":"2023-09-28T15:12:31","modified_gmt":"2023-09-28T15:12:31","slug":"fabricacion","status":"publish","type":"page","link":"https:\/\/tecnigras.com\/index.php\/fabricacion\/","title":{"rendered":"Fabricaci\u00f3n"},"content":{"rendered":"\t\t<div data-elementor-type=\"wp-page\" data-elementor-id=\"4468\" class=\"elementor elementor-4468\">\n\t\t\t\t\t\t<section class=\"elementor-section elementor-top-section elementor-element elementor-element-8fea671 elementor-section-content-middle elementor-section-height-full foto-fondo elementor-section-boxed elementor-section-height-default elementor-section-items-middle\" data-id=\"8fea671\" data-element_type=\"section\" data-e-type=\"section\" data-settings=\"{&quot;background_background&quot;:&quot;classic&quot;}\">\n\t\t\t\t\t\t\t<div class=\"elementor-background-overlay\"><\/div>\n\t\t\t\t\t\t\t<div class=\"elementor-container elementor-column-gap-no\">\n\t\t\t\t\t<div class=\"elementor-column elementor-col-50 elementor-top-column elementor-element elementor-element-1822661\" data-id=\"1822661\" data-element_type=\"column\" data-e-type=\"column\">\n\t\t\t<div class=\"elementor-widget-wrap elementor-element-populated\">\n\t\t\t\t\t\t<div class=\"elementor-element elementor-element-495703f elementor-widget elementor-widget-heading\" data-id=\"495703f\" data-element_type=\"widget\" data-e-type=\"widget\" data-widget_type=\"heading.default\">\n\t\t\t\t<div class=\"elementor-widget-container\">\n\t\t\t\t\t<h1 class=\"elementor-heading-title elementor-size-default\">TIENDA<\/h1>\t\t\t\t<\/div>\n\t\t\t\t<\/div>\n\t\t\t\t<div class=\"elementor-element elementor-element-1adb5a4 titulos-tablet elementor-widget elementor-widget-heading\" data-id=\"1adb5a4\" data-element_type=\"widget\" data-e-type=\"widget\" data-widget_type=\"heading.default\">\n\t\t\t\t<div class=\"elementor-widget-container\">\n\t\t\t\t\t<h2 class=\"elementor-heading-title elementor-size-default\">FABRICACI\u00d3N PROPIA<\/h2>\t\t\t\t<\/div>\n\t\t\t\t<\/div>\n\t\t\t\t\t<\/div>\n\t\t<\/div>\n\t\t\t\t<div class=\"elementor-column elementor-col-50 elementor-top-column elementor-element elementor-element-b52e0c3\" data-id=\"b52e0c3\" data-element_type=\"column\" data-e-type=\"column\">\n\t\t\t<div class=\"elementor-widget-wrap\">\n\t\t\t\t\t\t\t<\/div>\n\t\t<\/div>\n\t\t\t\t\t<\/div>\n\t\t<\/section>\n\t\t\t\t<section class=\"elementor-section elementor-top-section elementor-element elementor-element-f5fae45 elementor-section-full_width elementor-section-height-default elementor-section-height-default\" data-id=\"f5fae45\" data-element_type=\"section\" data-e-type=\"section\" data-settings=\"{&quot;background_background&quot;:&quot;classic&quot;}\">\n\t\t\t\t\t\t\t<div class=\"elementor-background-overlay\"><\/div>\n\t\t\t\t\t\t\t<div class=\"elementor-container elementor-column-gap-wider\">\n\t\t\t\t\t<div class=\"elementor-column elementor-col-100 elementor-top-column elementor-element elementor-element-81077d6\" data-id=\"81077d6\" data-element_type=\"column\" data-e-type=\"column\">\n\t\t\t<div class=\"elementor-widget-wrap elementor-element-populated\">\n\t\t\t\t\t\t<div class=\"elementor-element elementor-element-79a8c27 titulos-tablet elementor-widget elementor-widget-heading\" data-id=\"79a8c27\" data-element_type=\"widget\" data-e-type=\"widget\" data-widget_type=\"heading.default\">\n\t\t\t\t<div class=\"elementor-widget-container\">\n\t\t\t\t\t<h2 class=\"elementor-heading-title elementor-size-default\">\u00bfQU\u00c9 OFRECEMOS?<\/h2>\t\t\t\t<\/div>\n\t\t\t\t<\/div>\n\t\t\t\t<section class=\"elementor-section elementor-inner-section elementor-element elementor-element-0043963 elementor-section-boxed elementor-section-height-default elementor-section-height-default\" data-id=\"0043963\" data-element_type=\"section\" data-e-type=\"section\">\n\t\t\t\t\t\t<div class=\"elementor-container elementor-column-gap-default\">\n\t\t\t\t\t<div class=\"elementor-column elementor-col-33 elementor-inner-column elementor-element elementor-element-6f42d5b\" data-id=\"6f42d5b\" data-element_type=\"column\" data-e-type=\"column\">\n\t\t\t<div class=\"elementor-widget-wrap elementor-element-populated\">\n\t\t\t\t\t\t<div class=\"elementor-element elementor-element-5535085 elementor-position-top elementor-widget elementor-widget-image-box\" data-id=\"5535085\" data-element_type=\"widget\" data-e-type=\"widget\" data-widget_type=\"image-box.default\">\n\t\t\t\t<div class=\"elementor-widget-container\">\n\t\t\t\t\t<div class=\"elementor-image-box-wrapper\"><figure class=\"elementor-image-box-img\"><a href=\"https:\/\/tecnigras.com\/index.php\/campana-modular\/\" tabindex=\"-1\"><img fetchpriority=\"high\" decoding=\"async\" width=\"300\" height=\"300\" src=\"https:\/\/tecnigras.com\/wp-content\/uploads\/2023\/03\/Producto-CPMR2-scaled.jpg-300x300-1584023192-1.png\" class=\"attachment-full size-full wp-image-4477\" alt=\"CAMPANA MODULAR\" srcset=\"https:\/\/tecnigras.com\/wp-content\/uploads\/2023\/03\/Producto-CPMR2-scaled.jpg-300x300-1584023192-1.png 300w, https:\/\/tecnigras.com\/wp-content\/uploads\/2023\/03\/Producto-CPMR2-scaled.jpg-300x300-1584023192-1-150x150.png 150w\" sizes=\"(max-width: 300px) 100vw, 300px\" \/><\/a><\/figure><div class=\"elementor-image-box-content\"><h3 class=\"elementor-image-box-title\"><a href=\"https:\/\/tecnigras.com\/index.php\/campana-modular\/\">Campana modular<\/a><\/h3><\/div><\/div>\t\t\t\t<\/div>\n\t\t\t\t<\/div>\n\t\t\t\t\t<\/div>\n\t\t<\/div>\n\t\t\t\t<div class=\"elementor-column elementor-col-33 elementor-inner-column elementor-element elementor-element-8a41229\" data-id=\"8a41229\" data-element_type=\"column\" data-e-type=\"column\">\n\t\t\t<div class=\"elementor-widget-wrap elementor-element-populated\">\n\t\t\t\t\t\t<div class=\"elementor-element elementor-element-56003ca elementor-position-top elementor-widget elementor-widget-image-box\" data-id=\"56003ca\" data-element_type=\"widget\" data-e-type=\"widget\" data-widget_type=\"image-box.default\">\n\t\t\t\t<div class=\"elementor-widget-container\">\n\t\t\t\t\t<div class=\"elementor-image-box-wrapper\"><figure class=\"elementor-image-box-img\"><a href=\"https:\/\/tecnigras.com\/index.php\/caja-de-ventilacion\/\" tabindex=\"-1\"><img decoding=\"async\" width=\"300\" height=\"300\" src=\"https:\/\/tecnigras.com\/wp-content\/uploads\/2023\/03\/Producto-Caja-TSA-simple-oido-400-2H-1-300x300-1584023124-1.png\" class=\"attachment-full size-full wp-image-4476\" alt=\"CAJA DE VENTILACI\u00d3N CAJA DE VENTILACI\u00d3N (4)\" srcset=\"https:\/\/tecnigras.com\/wp-content\/uploads\/2023\/03\/Producto-Caja-TSA-simple-oido-400-2H-1-300x300-1584023124-1.png 300w, https:\/\/tecnigras.com\/wp-content\/uploads\/2023\/03\/Producto-Caja-TSA-simple-oido-400-2H-1-300x300-1584023124-1-150x150.png 150w\" sizes=\"(max-width: 300px) 100vw, 300px\" \/><\/a><\/figure><div class=\"elementor-image-box-content\"><h3 class=\"elementor-image-box-title\"><a href=\"https:\/\/tecnigras.com\/index.php\/caja-de-ventilacion\/\">Caja de ventilaci\u00f3n<\/a><\/h3><\/div><\/div>\t\t\t\t<\/div>\n\t\t\t\t<\/div>\n\t\t\t\t\t<\/div>\n\t\t<\/div>\n\t\t\t\t<div class=\"elementor-column elementor-col-33 elementor-inner-column elementor-element elementor-element-9768c87\" data-id=\"9768c87\" data-element_type=\"column\" data-e-type=\"column\">\n\t\t\t<div class=\"elementor-widget-wrap elementor-element-populated\">\n\t\t\t\t\t\t<div class=\"elementor-element elementor-element-a6a5659 elementor-position-top elementor-widget elementor-widget-image-box\" data-id=\"a6a5659\" data-element_type=\"widget\" data-e-type=\"widget\" data-widget_type=\"image-box.default\">\n\t\t\t\t<div class=\"elementor-widget-container\">\n\t\t\t\t\t<div class=\"elementor-image-box-wrapper\"><figure class=\"elementor-image-box-img\"><a href=\"https:\/\/tecnigras.com\/index.php\/campana-recirculacion\/\" tabindex=\"-1\"><img decoding=\"async\" width=\"300\" height=\"300\" src=\"https:\/\/tecnigras.com\/wp-content\/uploads\/2023\/03\/Producto-CRTP-1.jpg-300x300-1584023238-1.png\" class=\"attachment-full size-full wp-image-4478\" alt=\"CAMPANA RECIRCULACION CAMPANA RECIRCULACION (1)\" srcset=\"https:\/\/tecnigras.com\/wp-content\/uploads\/2023\/03\/Producto-CRTP-1.jpg-300x300-1584023238-1.png 300w, https:\/\/tecnigras.com\/wp-content\/uploads\/2023\/03\/Producto-CRTP-1.jpg-300x300-1584023238-1-150x150.png 150w\" sizes=\"(max-width: 300px) 100vw, 300px\" \/><\/a><\/figure><div class=\"elementor-image-box-content\"><h3 class=\"elementor-image-box-title\"><a href=\"https:\/\/tecnigras.com\/index.php\/campana-recirculacion\/\">Campana recirculaci\u00f3n<\/a><\/h3><\/div><\/div>\t\t\t\t<\/div>\n\t\t\t\t<\/div>\n\t\t\t\t\t<\/div>\n\t\t<\/div>\n\t\t\t\t\t<\/div>\n\t\t<\/section>\n\t\t\t\t<section class=\"elementor-section elementor-inner-section elementor-element elementor-element-02e2557 elementor-section-boxed elementor-section-height-default elementor-section-height-default\" data-id=\"02e2557\" data-element_type=\"section\" data-e-type=\"section\">\n\t\t\t\t\t\t<div class=\"elementor-container elementor-column-gap-default\">\n\t\t\t\t\t\t<\/div>\n\t\t<\/section>\n\t\t\t\t\t<\/div>\n\t\t<\/div>\n\t\t\t\t\t<\/div>\n\t\t<\/section>\n\t\t\t\t<\/div>\n\t\t","protected":false},"excerpt":{"rendered":"<p>TIENDA FABRICACI\u00d3N PROPIA \u00bfQU\u00c9 OFRECEMOS? Campana modular Caja de ventilaci\u00f3n Campana recirculaci\u00f3n<\/p>\n","protected":false},"author":2,"featured_media":0,"parent":0,"menu_order":0,"comment_status":"closed","ping_status":"closed","template":"","meta":{"site-sidebar-layout":"no-sidebar","site-content-layout":"page-builder","ast-global-header-display":"","ast-main-header-display":"","ast-hfb-above-header-display":"","ast-hfb-below-header-display":"","ast-hfb-mobile-header-display":"","site-post-title":"disabled","ast-breadcrumbs-content":"disabled","ast-featured-img":"disabled","footer-sml-layout":"","theme-transparent-header-meta":"enabled","adv-header-id-meta":"","stick-header-meta":"","header-above-stick-meta":"","header-main-stick-meta":"","header-below-stick-meta":"","footnotes":""},"class_list":["post-4468","page","type-page","status-publish","hentry"],"yoast_head":"<!-- This site is optimized with the Yoast SEO plugin v27.4 - https:\/\/yoast.com\/product\/yoast-seo-wordpress\/ -->\n<title>Fabricaci\u00f3n - Tecnigras<\/title>\n<meta name=\"robots\" content=\"noindex, follow\" \/>\n<meta property=\"og:locale\" content=\"es_ES\" \/>\n<meta property=\"og:type\" content=\"article\" \/>\n<meta property=\"og:title\" content=\"Fabricaci\u00f3n - Tecnigras\" \/>\n<meta property=\"og:description\" content=\"TIENDA FABRICACI\u00d3N PROPIA \u00bfQU\u00c9 OFRECEMOS? Campana modular Caja de ventilaci\u00f3n Campana recirculaci\u00f3n\" \/>\n<meta property=\"og:url\" content=\"https:\/\/tecnigras.com\/index.php\/fabricacion\/\" \/>\n<meta property=\"og:site_name\" content=\"Tecnigras\" \/>\n<meta property=\"article:modified_time\" content=\"2023-09-28T15:12:31+00:00\" \/>\n<meta property=\"og:image\" content=\"https:\/\/tecnigras.com\/wp-content\/uploads\/2023\/03\/Producto-CPMR2-scaled.jpg-300x300-1584023192-1.png\" \/>\n<meta name=\"twitter:card\" content=\"summary_large_image\" \/>\n<meta name=\"twitter:label1\" content=\"Tiempo de lectura\" \/>\n\t<meta name=\"twitter:data1\" content=\"1 minuto\" \/>\n<script type=\"application\/ld+json\" class=\"yoast-schema-graph\">{\"@context\":\"https:\\\/\\\/schema.org\",\"@graph\":[{\"@type\":\"WebPage\",\"@id\":\"https:\\\/\\\/tecnigras.com\\\/index.php\\\/fabricacion\\\/\",\"url\":\"https:\\\/\\\/tecnigras.com\\\/index.php\\\/fabricacion\\\/\",\"name\":\"Fabricaci\u00f3n - Tecnigras\",\"isPartOf\":{\"@id\":\"https:\\\/\\\/tecnigras.com\\\/#website\"},\"primaryImageOfPage\":{\"@id\":\"https:\\\/\\\/tecnigras.com\\\/index.php\\\/fabricacion\\\/#primaryimage\"},\"image\":{\"@id\":\"https:\\\/\\\/tecnigras.com\\\/index.php\\\/fabricacion\\\/#primaryimage\"},\"thumbnailUrl\":\"https:\\\/\\\/tecnigras.com\\\/wp-content\\\/uploads\\\/2023\\\/03\\\/Producto-CPMR2-scaled.jpg-300x300-1584023192-1.png\",\"datePublished\":\"2023-03-23T16:32:45+00:00\",\"dateModified\":\"2023-09-28T15:12:31+00:00\",\"breadcrumb\":{\"@id\":\"https:\\\/\\\/tecnigras.com\\\/index.php\\\/fabricacion\\\/#breadcrumb\"},\"inLanguage\":\"es\",\"potentialAction\":[{\"@type\":\"ReadAction\",\"target\":[\"https:\\\/\\\/tecnigras.com\\\/index.php\\\/fabricacion\\\/\"]}]},{\"@type\":\"ImageObject\",\"inLanguage\":\"es\",\"@id\":\"https:\\\/\\\/tecnigras.com\\\/index.php\\\/fabricacion\\\/#primaryimage\",\"url\":\"https:\\\/\\\/tecnigras.com\\\/wp-content\\\/uploads\\\/2023\\\/03\\\/Producto-CPMR2-scaled.jpg-300x300-1584023192-1.png\",\"contentUrl\":\"https:\\\/\\\/tecnigras.com\\\/wp-content\\\/uploads\\\/2023\\\/03\\\/Producto-CPMR2-scaled.jpg-300x300-1584023192-1.png\",\"width\":300,\"height\":300,\"caption\":\"CAMPANA MODULAR\"},{\"@type\":\"BreadcrumbList\",\"@id\":\"https:\\\/\\\/tecnigras.com\\\/index.php\\\/fabricacion\\\/#breadcrumb\",\"itemListElement\":[{\"@type\":\"ListItem\",\"position\":1,\"name\":\"Portada\",\"item\":\"https:\\\/\\\/tecnigras.com\\\/\"},{\"@type\":\"ListItem\",\"position\":2,\"name\":\"Fabricaci\u00f3n\"}]},{\"@type\":\"WebSite\",\"@id\":\"https:\\\/\\\/tecnigras.com\\\/#website\",\"url\":\"https:\\\/\\\/tecnigras.com\\\/\",\"name\":\"Tecnigras\",\"description\":\"Campanas industriales para extracci\u00f3n de humos En Madrid\",\"publisher\":{\"@id\":\"https:\\\/\\\/tecnigras.com\\\/#organization\"},\"potentialAction\":[{\"@type\":\"SearchAction\",\"target\":{\"@type\":\"EntryPoint\",\"urlTemplate\":\"https:\\\/\\\/tecnigras.com\\\/?s={search_term_string}\"},\"query-input\":{\"@type\":\"PropertyValueSpecification\",\"valueRequired\":true,\"valueName\":\"search_term_string\"}}],\"inLanguage\":\"es\"},{\"@type\":\"Organization\",\"@id\":\"https:\\\/\\\/tecnigras.com\\\/#organization\",\"name\":\"Tecnigrass\",\"url\":\"https:\\\/\\\/tecnigras.com\\\/\",\"logo\":{\"@type\":\"ImageObject\",\"inLanguage\":\"es\",\"@id\":\"https:\\\/\\\/tecnigras.com\\\/#\\\/schema\\\/logo\\\/image\\\/\",\"url\":\"https:\\\/\\\/tecnigras.com\\\/wp-content\\\/uploads\\\/2019\\\/12\\\/TECNIGRAS-EXTRACCIONES-removebg-preview.png\",\"contentUrl\":\"https:\\\/\\\/tecnigras.com\\\/wp-content\\\/uploads\\\/2019\\\/12\\\/TECNIGRAS-EXTRACCIONES-removebg-preview.png\",\"width\":635,\"height\":393,\"caption\":\"Tecnigrass\"},\"image\":{\"@id\":\"https:\\\/\\\/tecnigras.com\\\/#\\\/schema\\\/logo\\\/image\\\/\"}}]}<\/script>\n<!-- \/ Yoast SEO plugin. -->","yoast_head_json":{"title":"Fabricaci\u00f3n - Tecnigras","robots":{"index":"noindex","follow":"follow"},"og_locale":"es_ES","og_type":"article","og_title":"Fabricaci\u00f3n - Tecnigras","og_description":"TIENDA FABRICACI\u00d3N PROPIA \u00bfQU\u00c9 OFRECEMOS? Campana modular Caja de ventilaci\u00f3n Campana recirculaci\u00f3n","og_url":"https:\/\/tecnigras.com\/index.php\/fabricacion\/","og_site_name":"Tecnigras","article_modified_time":"2023-09-28T15:12:31+00:00","og_image":[{"url":"https:\/\/tecnigras.com\/wp-content\/uploads\/2023\/03\/Producto-CPMR2-scaled.jpg-300x300-1584023192-1.png","type":"","width":"","height":""}],"twitter_card":"summary_large_image","twitter_misc":{"Tiempo de lectura":"1 minuto"},"schema":{"@context":"https:\/\/schema.org","@graph":[{"@type":"WebPage","@id":"https:\/\/tecnigras.com\/index.php\/fabricacion\/","url":"https:\/\/tecnigras.com\/index.php\/fabricacion\/","name":"Fabricaci\u00f3n - Tecnigras","isPartOf":{"@id":"https:\/\/tecnigras.com\/#website"},"primaryImageOfPage":{"@id":"https:\/\/tecnigras.com\/index.php\/fabricacion\/#primaryimage"},"image":{"@id":"https:\/\/tecnigras.com\/index.php\/fabricacion\/#primaryimage"},"thumbnailUrl":"https:\/\/tecnigras.com\/wp-content\/uploads\/2023\/03\/Producto-CPMR2-scaled.jpg-300x300-1584023192-1.png","datePublished":"2023-03-23T16:32:45+00:00","dateModified":"2023-09-28T15:12:31+00:00","breadcrumb":{"@id":"https:\/\/tecnigras.com\/index.php\/fabricacion\/#breadcrumb"},"inLanguage":"es","potentialAction":[{"@type":"ReadAction","target":["https:\/\/tecnigras.com\/index.php\/fabricacion\/"]}]},{"@type":"ImageObject","inLanguage":"es","@id":"https:\/\/tecnigras.com\/index.php\/fabricacion\/#primaryimage","url":"https:\/\/tecnigras.com\/wp-content\/uploads\/2023\/03\/Producto-CPMR2-scaled.jpg-300x300-1584023192-1.png","contentUrl":"https:\/\/tecnigras.com\/wp-content\/uploads\/2023\/03\/Producto-CPMR2-scaled.jpg-300x300-1584023192-1.png","width":300,"height":300,"caption":"CAMPANA MODULAR"},{"@type":"BreadcrumbList","@id":"https:\/\/tecnigras.com\/index.php\/fabricacion\/#breadcrumb","itemListElement":[{"@type":"ListItem","position":1,"name":"Portada","item":"https:\/\/tecnigras.com\/"},{"@type":"ListItem","position":2,"name":"Fabricaci\u00f3n"}]},{"@type":"WebSite","@id":"https:\/\/tecnigras.com\/#website","url":"https:\/\/tecnigras.com\/","name":"Tecnigras","description":"Campanas industriales para extracci\u00f3n de humos En Madrid","publisher":{"@id":"https:\/\/tecnigras.com\/#organization"},"potentialAction":[{"@type":"SearchAction","target":{"@type":"EntryPoint","urlTemplate":"https:\/\/tecnigras.com\/?s={search_term_string}"},"query-input":{"@type":"PropertyValueSpecification","valueRequired":true,"valueName":"search_term_string"}}],"inLanguage":"es"},{"@type":"Organization","@id":"https:\/\/tecnigras.com\/#organization","name":"Tecnigrass","url":"https:\/\/tecnigras.com\/","logo":{"@type":"ImageObject","inLanguage":"es","@id":"https:\/\/tecnigras.com\/#\/schema\/logo\/image\/","url":"https:\/\/tecnigras.com\/wp-content\/uploads\/2019\/12\/TECNIGRAS-EXTRACCIONES-removebg-preview.png","contentUrl":"https:\/\/tecnigras.com\/wp-content\/uploads\/2019\/12\/TECNIGRAS-EXTRACCIONES-removebg-preview.png","width":635,"height":393,"caption":"Tecnigrass"},"image":{"@id":"https:\/\/tecnigras.com\/#\/schema\/logo\/image\/"}}]}},"_links":{"self":[{"href":"https:\/\/tecnigras.com\/index.php\/wp-json\/wp\/v2\/pages\/4468","targetHints":{"allow":["GET"]}}],"collection":[{"href":"https:\/\/tecnigras.com\/index.php\/wp-json\/wp\/v2\/pages"}],"about":[{"href":"https:\/\/tecnigras.com\/index.php\/wp-json\/wp\/v2\/types\/page"}],"author":[{"embeddable":true,"href":"https:\/\/tecnigras.com\/index.php\/wp-json\/wp\/v2\/users\/2"}],"replies":[{"embeddable":true,"href":"https:\/\/tecnigras.com\/index.php\/wp-json\/wp\/v2\/comments?post=4468"}],"version-history":[{"count":55,"href":"https:\/\/tecnigras.com\/index.php\/wp-json\/wp\/v2\/pages\/4468\/revisions"}],"predecessor-version":[{"id":5323,"href":"https:\/\/tecnigras.com\/index.php\/wp-json\/wp\/v2\/pages\/4468\/revisions\/5323"}],"wp:attachment":[{"href":"https:\/\/tecnigras.com\/index.php\/wp-json\/wp\/v2\/media?parent=4468"}],"curies":[{"name":"wp","href":"https:\/\/api.w.org\/{rel}","templated":true}]}}