{"id":5075,"date":"2023-06-12T09:29:21","date_gmt":"2023-06-12T09:29:21","guid":{"rendered":"https:\/\/yacasiestalista.com\/tecnigras\/?page_id=5075"},"modified":"2023-09-28T15:42:26","modified_gmt":"2023-09-28T15:42:26","slug":"limpieza-de-campanas-y-conductos","status":"publish","type":"page","link":"https:\/\/tecnigras.com\/index.php\/limpieza-de-campanas-y-conductos\/","title":{"rendered":"Limpieza de campanas y conductos"},"content":{"rendered":"\t\t<div data-elementor-type=\"wp-page\" data-elementor-id=\"5075\" class=\"elementor elementor-5075\">\n\t\t\t\t\t\t<section class=\"elementor-section elementor-top-section elementor-element elementor-element-8fea671 elementor-section-content-middle elementor-section-height-full foto-fondo elementor-section-boxed elementor-section-height-default elementor-section-items-middle\" data-id=\"8fea671\" data-element_type=\"section\" data-e-type=\"section\" data-settings=\"{&quot;background_background&quot;:&quot;classic&quot;}\">\n\t\t\t\t\t\t\t<div class=\"elementor-background-overlay\"><\/div>\n\t\t\t\t\t\t\t<div class=\"elementor-container elementor-column-gap-no\">\n\t\t\t\t\t<div class=\"elementor-column elementor-col-50 elementor-top-column elementor-element elementor-element-61951e6\" data-id=\"61951e6\" data-element_type=\"column\" data-e-type=\"column\">\n\t\t\t<div class=\"elementor-widget-wrap elementor-element-populated\">\n\t\t\t\t\t\t<div class=\"elementor-element elementor-element-a1d4fb1 titulos-tablet elementor-widget elementor-widget-heading\" data-id=\"a1d4fb1\" data-element_type=\"widget\" data-e-type=\"widget\" data-widget_type=\"heading.default\">\n\t\t\t\t<div class=\"elementor-widget-container\">\n\t\t\t\t\t<h2 class=\"elementor-heading-title elementor-size-default\">LIMPIEZA DE CAMPANAS Y CONDUCTOS<\/h2>\t\t\t\t<\/div>\n\t\t\t\t<\/div>\n\t\t\t\t\t<\/div>\n\t\t<\/div>\n\t\t\t\t<div class=\"elementor-column elementor-col-50 elementor-top-column elementor-element elementor-element-715e22a\" data-id=\"715e22a\" data-element_type=\"column\" data-e-type=\"column\">\n\t\t\t<div class=\"elementor-widget-wrap\">\n\t\t\t\t\t\t\t<\/div>\n\t\t<\/div>\n\t\t\t\t\t<\/div>\n\t\t<\/section>\n\t\t\t\t<section class=\"elementor-section elementor-top-section elementor-element elementor-element-f5fae45 elementor-section-full_width elementor-section-height-default elementor-section-height-default\" data-id=\"f5fae45\" data-element_type=\"section\" data-e-type=\"section\" data-settings=\"{&quot;background_background&quot;:&quot;classic&quot;}\">\n\t\t\t\t\t\t<div class=\"elementor-container elementor-column-gap-wider\">\n\t\t\t\t\t<div class=\"elementor-column elementor-col-100 elementor-top-column elementor-element elementor-element-81077d6\" data-id=\"81077d6\" data-element_type=\"column\" data-e-type=\"column\" data-settings=\"{&quot;background_background&quot;:&quot;classic&quot;}\">\n\t\t\t<div class=\"elementor-widget-wrap elementor-element-populated\">\n\t\t\t\t\t\t<div class=\"elementor-element elementor-element-5822e43 elementor-widget elementor-widget-heading\" data-id=\"5822e43\" data-element_type=\"widget\" data-e-type=\"widget\" data-widget_type=\"heading.default\">\n\t\t\t\t<div class=\"elementor-widget-container\">\n\t\t\t\t\t<h3 class=\"elementor-heading-title elementor-size-default\">\u00bfPOR QU\u00c9 NECESITA LA LIMPIEZA Y EL MANTENIMIENTO DE LA INSTALACI\u00d3N EN SU CONJUNTO?<\/h3>\t\t\t\t<\/div>\n\t\t\t\t<\/div>\n\t\t\t\t<div class=\"elementor-element elementor-element-4e06350 elementor-widget__width-initial elementor-widget elementor-widget-text-editor\" data-id=\"4e06350\" data-element_type=\"widget\" data-e-type=\"widget\" data-widget_type=\"text-editor.default\">\n\t\t\t\t<div class=\"elementor-widget-container\">\n\t\t\t\t\t\t\t\t\t<p><strong>Son muchas las razones que avalan dicha necesidad:<\/strong><\/p><p><strong>Por seguridad.<\/strong> El riesgo de incendio es un factor a tener en cuenta, pero no solamente por las consecuencias inmediatas ocasionadas por el propio incendio, sino<br \/>por las consecuencias derivadas de la ausencia de contrato de limpieza y mantenimiento cara al seguro y al incumplimiento de la normativa vigente.<br \/><br \/><\/p><p><strong>Por el bien estar y salubridad<\/strong> de trabajadores, clientes y vecinos, evitando que se generen humos, g\u00e9rmenes y malos olores.<br \/><br \/><\/p><p><strong>Por la durabilidad y el buen funcionamiento.<\/strong> La grasa acumulada en el extractor puede provocar un desequilibrado de la turbina, provocando ruidos desagradables, aumento del consumo de energ\u00eda y merma<br \/>de la vida \u00fatil de la turbina.<\/p>\t\t\t\t\t\t\t\t<\/div>\n\t\t\t\t<\/div>\n\t\t\t\t<div class=\"elementor-element elementor-element-b1b2b90 elementor-widget elementor-widget-heading\" data-id=\"b1b2b90\" data-element_type=\"widget\" data-e-type=\"widget\" data-widget_type=\"heading.default\">\n\t\t\t\t<div class=\"elementor-widget-container\">\n\t\t\t\t\t<h3 class=\"elementor-heading-title elementor-size-default\">\u00bfPOR QU\u00c9 TECNIGRAS OFRECE UN CONTRATO DE LIMPIEZA Y MANTENIMINETO DE LAS INSTALACIONES REALIZADAS?<\/h3>\t\t\t\t<\/div>\n\t\t\t\t<\/div>\n\t\t\t\t<div class=\"elementor-element elementor-element-3bd8fc5 elementor-widget__width-initial elementor-widget elementor-widget-text-editor\" data-id=\"3bd8fc5\" data-element_type=\"widget\" data-e-type=\"widget\" data-widget_type=\"text-editor.default\">\n\t\t\t\t<div class=\"elementor-widget-container\">\n\t\t\t\t\t\t\t\t\t<p><strong>TECNIGRAS<\/strong> arranca su andadura en 1981.como empre sa especializada en extracciones de humos de cocinas industriales.<\/p><p>A lo largo de estos a\u00f1os hemos desarrollado nuevos m\u00e9todos y productos en este sector, incorporando a nuestra oferta la realizacion de las in stalaciones y su mantenimiento.<\/p><p>Entendemos que nuestro compromiso con el cliente no termina con el suministro de los equipos, si no que ofrecemas la eiecudion de l instalaciin vle avudamas a mantenerila en las meiores condiciones mediante un Contrato de Mantenimiento. Para ello, <strong>TECNIGRAS<\/strong> cuenta con personal experto y con los medios adecuados.<\/p>\t\t\t\t\t\t\t\t<\/div>\n\t\t\t\t<\/div>\n\t\t\t\t<div class=\"elementor-element elementor-element-d584431 elementor-align-center elementor-widget elementor-widget-button\" data-id=\"d584431\" data-element_type=\"widget\" data-e-type=\"widget\" data-widget_type=\"button.default\">\n\t\t\t\t<div class=\"elementor-widget-container\">\n\t\t\t\t\t\t\t\t\t<div class=\"elementor-button-wrapper\">\n\t\t\t\t\t<a class=\"elementor-button elementor-button-link elementor-size-sm\" href=\"https:\/\/tecnigras.com\/wp-content\/uploads\/2023\/09\/LIMPIEZA-DE-CAMPANA-Y-CONDUCTOS.pdf\">\n\t\t\t\t\t\t<span class=\"elementor-button-content-wrapper\">\n\t\t\t\t\t\t\t\t\t<span class=\"elementor-button-text\">DESCARGAR PDF<\/span>\n\t\t\t\t\t<\/span>\n\t\t\t\t\t<\/a>\n\t\t\t\t<\/div>\n\t\t\t\t\t\t\t\t<\/div>\n\t\t\t\t<\/div>\n\t\t\t\t\t<\/div>\n\t\t<\/div>\n\t\t\t\t\t<\/div>\n\t\t<\/section>\n\t\t\t\t<section class=\"elementor-section elementor-top-section elementor-element elementor-element-a76f145 elementor-section-full_width elementor-section-height-default elementor-section-height-default\" data-id=\"a76f145\" data-element_type=\"section\" data-e-type=\"section\" data-settings=\"{&quot;background_background&quot;:&quot;classic&quot;}\">\n\t\t\t\t\t\t\t<div class=\"elementor-background-overlay\"><\/div>\n\t\t\t\t\t\t\t<div class=\"elementor-container elementor-column-gap-wider\">\n\t\t\t\t\t<div class=\"elementor-column elementor-col-100 elementor-top-column elementor-element elementor-element-d61b7de\" data-id=\"d61b7de\" data-element_type=\"column\" data-e-type=\"column\" data-settings=\"{&quot;background_background&quot;:&quot;classic&quot;}\">\n\t\t\t<div class=\"elementor-widget-wrap elementor-element-populated\">\n\t\t\t\t\t\t<div class=\"elementor-element elementor-element-6482da2 elementor-widget elementor-widget-heading\" data-id=\"6482da2\" data-element_type=\"widget\" data-e-type=\"widget\" data-widget_type=\"heading.default\">\n\t\t\t\t<div class=\"elementor-widget-container\">\n\t\t\t\t\t<h3 class=\"elementor-heading-title elementor-size-default\">SOLO LIMPIEZA<\/h3>\t\t\t\t<\/div>\n\t\t\t\t<\/div>\n\t\t\t\t<div class=\"elementor-element elementor-element-cdc16af elementor-widget elementor-widget-text-editor\" data-id=\"cdc16af\" data-element_type=\"widget\" data-e-type=\"widget\" data-widget_type=\"text-editor.default\">\n\t\t\t\t<div class=\"elementor-widget-container\">\n\t\t\t\t\t\t\t\t\t<p><strong>ESTA POLIZA INCLUYE:<\/strong><\/p><ul><li>Sustituci\u00f3n turbina recuperada cada 12.<\/li><li>Mano de obra por desmontaje y montaje.<\/li><li>Revisi\u00f3n anual de la instalaci\u00f3n.<\/li><li>Cambio de correas cada 12 meses.<\/li><li>Desplazamiento del personal y transporte.<\/li><li>Limpieza de la bandeja recoge grasa.<\/li><li>Limpieza de la caja de ventilaci\u00f3n cada 12 meses.<\/li><li>Cambio de junta antivibratoria cada 12 meses.<\/li><\/ul><p><strong>EXCLUYE:<\/strong><\/p><ul><li>Aver\u00edas y rotura\u00a0 de cualquier componente de la caja de ventilaci\u00f3n, as\u00ed como la mano de obra por sustituci\u00f3n de las piezas.<\/li><li>Todas aquellas aver\u00edas producidas por incendios, inundaciones, fen\u00f3menos meteorol\u00f3gicos y\/o manipulaci\u00f3n por terceros.<\/li><li>Limpieza de filtros, limpieza de campana, limpieza de tuber\u00eda.<\/li><\/ul>\t\t\t\t\t\t\t\t<\/div>\n\t\t\t\t<\/div>\n\t\t\t\t\t<\/div>\n\t\t<\/div>\n\t\t\t\t\t<\/div>\n\t\t<\/section>\n\t\t\t\t<section class=\"elementor-section elementor-top-section elementor-element elementor-element-6b4b7d8 elementor-section-boxed elementor-section-height-default elementor-section-height-default\" data-id=\"6b4b7d8\" data-element_type=\"section\" data-e-type=\"section\" data-settings=\"{&quot;background_background&quot;:&quot;classic&quot;}\">\n\t\t\t\t\t\t<div class=\"elementor-container elementor-column-gap-default\">\n\t\t\t\t\t<div class=\"elementor-column elementor-col-100 elementor-top-column elementor-element elementor-element-6f1ffac\" data-id=\"6f1ffac\" data-element_type=\"column\" data-e-type=\"column\">\n\t\t\t<div class=\"elementor-widget-wrap elementor-element-populated\">\n\t\t\t\t\t\t<div class=\"elementor-element elementor-element-630740c elementor-widget elementor-widget-heading\" data-id=\"630740c\" data-element_type=\"widget\" data-e-type=\"widget\" data-widget_type=\"heading.default\">\n\t\t\t\t<div class=\"elementor-widget-container\">\n\t\t\t\t\t<h3 class=\"elementor-heading-title elementor-size-default\">EJEMPLO DE LIMPIEZA DE UNA TURBINA<\/h3>\t\t\t\t<\/div>\n\t\t\t\t<\/div>\n\t\t\t\t\t<\/div>\n\t\t<\/div>\n\t\t\t\t\t<\/div>\n\t\t<\/section>\n\t\t\t\t<section class=\"elementor-section elementor-top-section elementor-element elementor-element-90286e1 elementor-section-full_width elementor-section-height-default elementor-section-height-default\" data-id=\"90286e1\" data-element_type=\"section\" data-e-type=\"section\" data-settings=\"{&quot;background_background&quot;:&quot;classic&quot;}\">\n\t\t\t\t\t\t<div class=\"elementor-container elementor-column-gap-wider\">\n\t\t\t\t\t<div class=\"elementor-column elementor-col-50 elementor-top-column elementor-element elementor-element-162f98d\" data-id=\"162f98d\" data-element_type=\"column\" data-e-type=\"column\" data-settings=\"{&quot;background_background&quot;:&quot;classic&quot;}\">\n\t\t\t<div class=\"elementor-widget-wrap elementor-element-populated\">\n\t\t\t\t\t<div class=\"elementor-background-overlay\"><\/div>\n\t\t\t\t\t\t<div class=\"elementor-element elementor-element-be76447 elementor-widget elementor-widget-heading\" data-id=\"be76447\" data-element_type=\"widget\" data-e-type=\"widget\" data-widget_type=\"heading.default\">\n\t\t\t\t<div class=\"elementor-widget-container\">\n\t\t\t\t\t<h3 class=\"elementor-heading-title elementor-size-default\">ANTES<\/h3>\t\t\t\t<\/div>\n\t\t\t\t<\/div>\n\t\t\t\t<div class=\"elementor-element elementor-element-1105077 elementor-widget elementor-widget-text-editor\" data-id=\"1105077\" data-element_type=\"widget\" data-e-type=\"widget\" data-widget_type=\"text-editor.default\">\n\t\t\t\t<div class=\"elementor-widget-container\">\n\t\t\t\t\t\t\t\t\t<p>Las turbinas y los filtros son elementos dif\u00edciles de desengrasar pero su limpieza es muy importante, ya que la gras que retienen aminora en gran medida su eficacia. La acumulaci\u00f3n de grasa, adem\u00e1s, acelera el deterioro de las piezas de la campana y puede ser causa de graves aver\u00edas en su mecanismo<\/p>\t\t\t\t\t\t\t\t<\/div>\n\t\t\t\t<\/div>\n\t\t\t\t\t<\/div>\n\t\t<\/div>\n\t\t\t\t<div class=\"elementor-column elementor-col-50 elementor-top-column elementor-element elementor-element-475ce5d\" data-id=\"475ce5d\" data-element_type=\"column\" data-e-type=\"column\" data-settings=\"{&quot;background_background&quot;:&quot;classic&quot;}\">\n\t\t\t<div class=\"elementor-widget-wrap elementor-element-populated\">\n\t\t\t\t\t\t<div class=\"elementor-element elementor-element-61078c6 elementor-widget elementor-widget-heading\" data-id=\"61078c6\" data-element_type=\"widget\" data-e-type=\"widget\" data-widget_type=\"heading.default\">\n\t\t\t\t<div class=\"elementor-widget-container\">\n\t\t\t\t\t<h3 class=\"elementor-heading-title elementor-size-default\">DESPU\u00c9S<\/h3>\t\t\t\t<\/div>\n\t\t\t\t<\/div>\n\t\t\t\t<div class=\"elementor-element elementor-element-89955d5 elementor-widget elementor-widget-text-editor\" data-id=\"89955d5\" data-element_type=\"widget\" data-e-type=\"widget\" data-widget_type=\"text-editor.default\">\n\t\t\t\t<div class=\"elementor-widget-container\">\n\t\t\t\t\t\t\t\t\t<p>Un mantenimiento correcto aconseja desengrasar las turbinas cada seis meses. La periocidad de limpieza de los filtros depende del volumen de grasa generada pero, en cualquier caso, siempre debe realizarse antes de que se sature.<\/p><p>Cuando le toque limpieza, ac\u00e9rquese a TECNIGRAS. Haremos el trabajo m\u00e1s duro por usted.<\/p>\t\t\t\t\t\t\t\t<\/div>\n\t\t\t\t<\/div>\n\t\t\t\t\t<\/div>\n\t\t<\/div>\n\t\t\t\t\t<\/div>\n\t\t<\/section>\n\t\t\t\t<\/div>\n\t\t","protected":false},"excerpt":{"rendered":"<p>LIMPIEZA DE CAMPANAS Y CONDUCTOS \u00bfPOR QU\u00c9 NECESITA LA LIMPIEZA Y EL MANTENIMIENTO DE LA INSTALACI\u00d3N EN SU CONJUNTO? Son muchas las razones que avalan dicha necesidad: Por seguridad. El riesgo de incendio es un factor a tener en cuenta, pero no solamente por las consecuencias inmediatas ocasionadas por el propio incendio, sinopor las consecuencias &hellip;<\/p>\n<p class=\"read-more\"> <a class=\"\" href=\"https:\/\/tecnigras.com\/index.php\/limpieza-de-campanas-y-conductos\/\"> <span class=\"screen-reader-text\">Limpieza de campanas y conductos<\/span> Leer m\u00e1s &raquo;<\/a><\/p>\n","protected":false},"author":2,"featured_media":0,"parent":0,"menu_order":0,"comment_status":"closed","ping_status":"closed","template":"","meta":{"site-sidebar-layout":"no-sidebar","site-content-layout":"page-builder","ast-global-header-display":"","ast-main-header-display":"","ast-hfb-above-header-display":"","ast-hfb-below-header-display":"","ast-hfb-mobile-header-display":"","site-post-title":"disabled","ast-breadcrumbs-content":"disabled","ast-featured-img":"disabled","footer-sml-layout":"","theme-transparent-header-meta":"enabled","adv-header-id-meta":"","stick-header-meta":"","header-above-stick-meta":"","header-main-stick-meta":"","header-below-stick-meta":"","footnotes":""},"class_list":["post-5075","page","type-page","status-publish","hentry"],"yoast_head":"<!-- This site is optimized with the Yoast SEO plugin v27.4 - https:\/\/yoast.com\/product\/yoast-seo-wordpress\/ -->\n<title>Limpieza de campanas y conductos en Vilanova i la Geltr\u00fa - Tecnigras<\/title>\n<meta name=\"robots\" content=\"noindex, follow\" \/>\n<meta property=\"og:locale\" content=\"es_ES\" \/>\n<meta property=\"og:type\" content=\"article\" \/>\n<meta property=\"og:title\" content=\"Limpieza de campanas y conductos en Vilanova i la Geltr\u00fa - Tecnigras\" \/>\n<meta property=\"og:description\" content=\"LIMPIEZA DE CAMPANAS Y CONDUCTOS \u00bfPOR QU\u00c9 NECESITA LA LIMPIEZA Y EL MANTENIMIENTO DE LA INSTALACI\u00d3N EN SU CONJUNTO? Son muchas las razones que avalan dicha necesidad: Por seguridad. El riesgo de incendio es un factor a tener en cuenta, pero no solamente por las consecuencias inmediatas ocasionadas por el propio incendio, sinopor las consecuencias &hellip; Limpieza de campanas y conductos Leer m\u00e1s &raquo;\" \/>\n<meta property=\"og:url\" content=\"https:\/\/tecnigras.com\/index.php\/limpieza-de-campanas-y-conductos\/\" \/>\n<meta property=\"og:site_name\" content=\"Tecnigras\" \/>\n<meta property=\"article:modified_time\" content=\"2023-09-28T15:42:26+00:00\" \/>\n<meta name=\"twitter:card\" content=\"summary_large_image\" \/>\n<meta name=\"twitter:label1\" content=\"Tiempo de lectura\" \/>\n\t<meta name=\"twitter:data1\" content=\"3 minutos\" \/>\n<script type=\"application\/ld+json\" class=\"yoast-schema-graph\">{\"@context\":\"https:\\\/\\\/schema.org\",\"@graph\":[{\"@type\":\"WebPage\",\"@id\":\"https:\\\/\\\/tecnigras.com\\\/index.php\\\/limpieza-de-campanas-y-conductos\\\/\",\"url\":\"https:\\\/\\\/tecnigras.com\\\/index.php\\\/limpieza-de-campanas-y-conductos\\\/\",\"name\":\"Limpieza de campanas y conductos en Vilanova i la Geltr\u00fa - Tecnigras\",\"isPartOf\":{\"@id\":\"https:\\\/\\\/tecnigras.com\\\/#website\"},\"datePublished\":\"2023-06-12T09:29:21+00:00\",\"dateModified\":\"2023-09-28T15:42:26+00:00\",\"breadcrumb\":{\"@id\":\"https:\\\/\\\/tecnigras.com\\\/index.php\\\/limpieza-de-campanas-y-conductos\\\/#breadcrumb\"},\"inLanguage\":\"es\",\"potentialAction\":[{\"@type\":\"ReadAction\",\"target\":[\"https:\\\/\\\/tecnigras.com\\\/index.php\\\/limpieza-de-campanas-y-conductos\\\/\"]}]},{\"@type\":\"BreadcrumbList\",\"@id\":\"https:\\\/\\\/tecnigras.com\\\/index.php\\\/limpieza-de-campanas-y-conductos\\\/#breadcrumb\",\"itemListElement\":[{\"@type\":\"ListItem\",\"position\":1,\"name\":\"Portada\",\"item\":\"https:\\\/\\\/tecnigras.com\\\/\"},{\"@type\":\"ListItem\",\"position\":2,\"name\":\"Limpieza de campanas y conductos\"}]},{\"@type\":\"WebSite\",\"@id\":\"https:\\\/\\\/tecnigras.com\\\/#website\",\"url\":\"https:\\\/\\\/tecnigras.com\\\/\",\"name\":\"Tecnigras\",\"description\":\"Campanas industriales para extracci\u00f3n de humos En Madrid\",\"publisher\":{\"@id\":\"https:\\\/\\\/tecnigras.com\\\/#organization\"},\"potentialAction\":[{\"@type\":\"SearchAction\",\"target\":{\"@type\":\"EntryPoint\",\"urlTemplate\":\"https:\\\/\\\/tecnigras.com\\\/?s={search_term_string}\"},\"query-input\":{\"@type\":\"PropertyValueSpecification\",\"valueRequired\":true,\"valueName\":\"search_term_string\"}}],\"inLanguage\":\"es\"},{\"@type\":\"Organization\",\"@id\":\"https:\\\/\\\/tecnigras.com\\\/#organization\",\"name\":\"Tecnigrass\",\"url\":\"https:\\\/\\\/tecnigras.com\\\/\",\"logo\":{\"@type\":\"ImageObject\",\"inLanguage\":\"es\",\"@id\":\"https:\\\/\\\/tecnigras.com\\\/#\\\/schema\\\/logo\\\/image\\\/\",\"url\":\"https:\\\/\\\/tecnigras.com\\\/wp-content\\\/uploads\\\/2019\\\/12\\\/TECNIGRAS-EXTRACCIONES-removebg-preview.png\",\"contentUrl\":\"https:\\\/\\\/tecnigras.com\\\/wp-content\\\/uploads\\\/2019\\\/12\\\/TECNIGRAS-EXTRACCIONES-removebg-preview.png\",\"width\":635,\"height\":393,\"caption\":\"Tecnigrass\"},\"image\":{\"@id\":\"https:\\\/\\\/tecnigras.com\\\/#\\\/schema\\\/logo\\\/image\\\/\"}}]}<\/script>\n<!-- \/ Yoast SEO plugin. -->","yoast_head_json":{"title":"Limpieza de campanas y conductos en Vilanova i la Geltr\u00fa - Tecnigras","robots":{"index":"noindex","follow":"follow"},"og_locale":"es_ES","og_type":"article","og_title":"Limpieza de campanas y conductos en Vilanova i la Geltr\u00fa - Tecnigras","og_description":"LIMPIEZA DE CAMPANAS Y CONDUCTOS \u00bfPOR QU\u00c9 NECESITA LA LIMPIEZA Y EL MANTENIMIENTO DE LA INSTALACI\u00d3N EN SU CONJUNTO? Son muchas las razones que avalan dicha necesidad: Por seguridad. El riesgo de incendio es un factor a tener en cuenta, pero no solamente por las consecuencias inmediatas ocasionadas por el propio incendio, sinopor las consecuencias &hellip; Limpieza de campanas y conductos Leer m\u00e1s &raquo;","og_url":"https:\/\/tecnigras.com\/index.php\/limpieza-de-campanas-y-conductos\/","og_site_name":"Tecnigras","article_modified_time":"2023-09-28T15:42:26+00:00","twitter_card":"summary_large_image","twitter_misc":{"Tiempo de lectura":"3 minutos"},"schema":{"@context":"https:\/\/schema.org","@graph":[{"@type":"WebPage","@id":"https:\/\/tecnigras.com\/index.php\/limpieza-de-campanas-y-conductos\/","url":"https:\/\/tecnigras.com\/index.php\/limpieza-de-campanas-y-conductos\/","name":"Limpieza de campanas y conductos en Vilanova i la Geltr\u00fa - Tecnigras","isPartOf":{"@id":"https:\/\/tecnigras.com\/#website"},"datePublished":"2023-06-12T09:29:21+00:00","dateModified":"2023-09-28T15:42:26+00:00","breadcrumb":{"@id":"https:\/\/tecnigras.com\/index.php\/limpieza-de-campanas-y-conductos\/#breadcrumb"},"inLanguage":"es","potentialAction":[{"@type":"ReadAction","target":["https:\/\/tecnigras.com\/index.php\/limpieza-de-campanas-y-conductos\/"]}]},{"@type":"BreadcrumbList","@id":"https:\/\/tecnigras.com\/index.php\/limpieza-de-campanas-y-conductos\/#breadcrumb","itemListElement":[{"@type":"ListItem","position":1,"name":"Portada","item":"https:\/\/tecnigras.com\/"},{"@type":"ListItem","position":2,"name":"Limpieza de campanas y conductos"}]},{"@type":"WebSite","@id":"https:\/\/tecnigras.com\/#website","url":"https:\/\/tecnigras.com\/","name":"Tecnigras","description":"Campanas industriales para extracci\u00f3n de humos En Madrid","publisher":{"@id":"https:\/\/tecnigras.com\/#organization"},"potentialAction":[{"@type":"SearchAction","target":{"@type":"EntryPoint","urlTemplate":"https:\/\/tecnigras.com\/?s={search_term_string}"},"query-input":{"@type":"PropertyValueSpecification","valueRequired":true,"valueName":"search_term_string"}}],"inLanguage":"es"},{"@type":"Organization","@id":"https:\/\/tecnigras.com\/#organization","name":"Tecnigrass","url":"https:\/\/tecnigras.com\/","logo":{"@type":"ImageObject","inLanguage":"es","@id":"https:\/\/tecnigras.com\/#\/schema\/logo\/image\/","url":"https:\/\/tecnigras.com\/wp-content\/uploads\/2019\/12\/TECNIGRAS-EXTRACCIONES-removebg-preview.png","contentUrl":"https:\/\/tecnigras.com\/wp-content\/uploads\/2019\/12\/TECNIGRAS-EXTRACCIONES-removebg-preview.png","width":635,"height":393,"caption":"Tecnigrass"},"image":{"@id":"https:\/\/tecnigras.com\/#\/schema\/logo\/image\/"}}]}},"_links":{"self":[{"href":"https:\/\/tecnigras.com\/index.php\/wp-json\/wp\/v2\/pages\/5075","targetHints":{"allow":["GET"]}}],"collection":[{"href":"https:\/\/tecnigras.com\/index.php\/wp-json\/wp\/v2\/pages"}],"about":[{"href":"https:\/\/tecnigras.com\/index.php\/wp-json\/wp\/v2\/types\/page"}],"author":[{"embeddable":true,"href":"https:\/\/tecnigras.com\/index.php\/wp-json\/wp\/v2\/users\/2"}],"replies":[{"embeddable":true,"href":"https:\/\/tecnigras.com\/index.php\/wp-json\/wp\/v2\/comments?post=5075"}],"version-history":[{"count":25,"href":"https:\/\/tecnigras.com\/index.php\/wp-json\/wp\/v2\/pages\/5075\/revisions"}],"predecessor-version":[{"id":5427,"href":"https:\/\/tecnigras.com\/index.php\/wp-json\/wp\/v2\/pages\/5075\/revisions\/5427"}],"wp:attachment":[{"href":"https:\/\/tecnigras.com\/index.php\/wp-json\/wp\/v2\/media?parent=5075"}],"curies":[{"name":"wp","href":"https:\/\/api.w.org\/{rel}","templated":true}]}}